{"id":10097,"date":"2025-06-23T07:24:45","date_gmt":"2025-06-23T07:24:45","guid":{"rendered":"https:\/\/parkpalic.condev.rs\/kongresni-turizam\/"},"modified":"2025-11-27T11:11:44","modified_gmt":"2025-11-27T11:11:44","slug":"kongresszusi-turizmus","status":"publish","type":"page","link":"https:\/\/park-palic.rs\/hu\/kongresszusi-turizmus\/","title":{"rendered":"Kongresszusi turizmus"},"content":{"rendered":"\n<p>A kongresszusi- \u00e9s konferenciaturizmus a turizmus egyik v\u00e1lfaja, amelyben a f\u0151 hangs\u00faly nem a pihen\u00e9sen van, hanem a szakmai \u00f6sszej\u00f6veteleken, szimp\u00f3ziumokon vagy m\u00e1s, szervezett \u00fczleti tal\u00e1lkoz\u00f3kon. A palicsi Vigad\u00f3 rendezv\u00e9nyk\u00f6zpont helysz\u00ednt biztos\u00edt k\u00fcl\u00f6nf\u00e9le \u00fczleti \u00e9s egy\u00e9b rendezv\u00e9nyek lebonyol\u00edt\u00e1s\u00e1ra az \u00fcgyfelek ig\u00e9nyei szerint. <br\/>A Kongresszusi k\u00f6zpont keret\u00e9n bel\u00fcl h\u00e1rom \u00e9p\u00fclet tal\u00e1lhat\u00f3: a Vigad\u00f3, az \u00d6kok\u00f6zpont \u00e9s a Ny\u00e1ri sz\u00ednpad.  <\/p>\n","protected":false},"excerpt":{"rendered":"<p>A kongresszusi- \u00e9s konferenciaturizmus a turizmus egyik v\u00e1lfaja, amelyben a f\u0151 hangs\u00faly nem a pihen\u00e9sen van, hanem a szakmai \u00f6sszej\u00f6veteleken, szimp\u00f3ziumokon vagy m\u00e1s, szervezett \u00fczleti tal\u00e1lkoz\u00f3kon. A palicsi Vigad\u00f3 rendezv\u00e9nyk\u00f6zpont helysz\u00ednt biztos\u00edt k\u00fcl\u00f6nf\u00e9le \u00fczleti \u00e9s egy\u00e9b rendezv\u00e9nyek lebonyol\u00edt\u00e1s\u00e1ra az \u00fcgyfelek ig\u00e9nyei szerint. A Kongresszusi k\u00f6zpont keret\u00e9n bel\u00fcl h\u00e1rom \u00e9p\u00fclet tal\u00e1lhat\u00f3: a Vigad\u00f3, az \u00d6kok\u00f6zpont \u00e9s [&hellip;]<\/p>\n","protected":false},"author":1,"featured_media":8770,"parent":0,"menu_order":0,"comment_status":"closed","ping_status":"closed","template":"page-congress-tourism.php","meta":{"_acf_changed":false,"inline_featured_image":false,"footnotes":""},"class_list":["post-10097","page","type-page","status-publish","has-post-thumbnail","hentry"],"acf":[],"yoast_head":"<!-- This site is optimized with the Yoast SEO plugin v27.1.1 - https:\/\/yoast.com\/product\/yoast-seo-wordpress\/ -->\n<title>Kongresszusi turizmus - Park Pali\u0107<\/title>\n<meta name=\"robots\" content=\"index, follow, max-snippet:-1, max-image-preview:large, max-video-preview:-1\" \/>\n<link rel=\"canonical\" href=\"https:\/\/park-palic.rs\/hu\/kongresszusi-turizmus\/\" \/>\n<meta property=\"og:locale\" content=\"hu_HU\" \/>\n<meta property=\"og:type\" content=\"article\" \/>\n<meta property=\"og:title\" content=\"Kongresszusi turizmus - Park Pali\u0107\" \/>\n<meta property=\"og:description\" content=\"A kongresszusi- \u00e9s konferenciaturizmus a turizmus egyik v\u00e1lfaja, amelyben a f\u0151 hangs\u00faly nem a pihen\u00e9sen van, hanem a szakmai \u00f6sszej\u00f6veteleken, szimp\u00f3ziumokon vagy m\u00e1s, szervezett \u00fczleti tal\u00e1lkoz\u00f3kon. A palicsi Vigad\u00f3 rendezv\u00e9nyk\u00f6zpont helysz\u00ednt biztos\u00edt k\u00fcl\u00f6nf\u00e9le \u00fczleti \u00e9s egy\u00e9b rendezv\u00e9nyek lebonyol\u00edt\u00e1s\u00e1ra az \u00fcgyfelek ig\u00e9nyei szerint. A Kongresszusi k\u00f6zpont keret\u00e9n bel\u00fcl h\u00e1rom \u00e9p\u00fclet tal\u00e1lhat\u00f3: a Vigad\u00f3, az \u00d6kok\u00f6zpont \u00e9s [&hellip;]\" \/>\n<meta property=\"og:url\" content=\"https:\/\/park-palic.rs\/hu\/kongresszusi-turizmus\/\" \/>\n<meta property=\"og:site_name\" content=\"Park Pali\u0107\" \/>\n<meta property=\"article:publisher\" content=\"https:\/\/www.facebook.com\/ParkPalic\/\" \/>\n<meta property=\"article:modified_time\" content=\"2025-11-27T11:11:44+00:00\" \/>\n<meta property=\"og:image\" content=\"https:\/\/park-palic.rs\/wp-content\/uploads\/2025\/08\/Kongresni-turizam.jpg\" \/>\n\t<meta property=\"og:image:width\" content=\"2560\" \/>\n\t<meta property=\"og:image:height\" content=\"787\" \/>\n\t<meta property=\"og:image:type\" content=\"image\/jpeg\" \/>\n<meta name=\"twitter:card\" content=\"summary_large_image\" \/>\n<meta name=\"twitter:label1\" content=\"Becs\u00fclt olvas\u00e1si id\u0151\" \/>\n\t<meta name=\"twitter:data1\" content=\"1 perc\" \/>\n<script type=\"application\/ld+json\" class=\"yoast-schema-graph\">{\"@context\":\"https:\/\/schema.org\",\"@graph\":[{\"@type\":\"WebPage\",\"@id\":\"https:\/\/park-palic.rs\/hu\/kongresszusi-turizmus\/\",\"url\":\"https:\/\/park-palic.rs\/hu\/kongresszusi-turizmus\/\",\"name\":\"Kongresszusi turizmus - Park Pali\u0107\",\"isPartOf\":{\"@id\":\"https:\/\/park-palic.rs\/#website\"},\"primaryImageOfPage\":{\"@id\":\"https:\/\/park-palic.rs\/hu\/kongresszusi-turizmus\/#primaryimage\"},\"image\":{\"@id\":\"https:\/\/park-palic.rs\/hu\/kongresszusi-turizmus\/#primaryimage\"},\"thumbnailUrl\":\"https:\/\/park-palic.rs\/wp-content\/uploads\/2025\/08\/Kongresni-turizam.jpg\",\"datePublished\":\"2025-06-23T07:24:45+00:00\",\"dateModified\":\"2025-11-27T11:11:44+00:00\",\"breadcrumb\":{\"@id\":\"https:\/\/park-palic.rs\/hu\/kongresszusi-turizmus\/#breadcrumb\"},\"inLanguage\":\"hu\",\"potentialAction\":[{\"@type\":\"ReadAction\",\"target\":[\"https:\/\/park-palic.rs\/hu\/kongresszusi-turizmus\/\"]}]},{\"@type\":\"ImageObject\",\"inLanguage\":\"hu\",\"@id\":\"https:\/\/park-palic.rs\/hu\/kongresszusi-turizmus\/#primaryimage\",\"url\":\"https:\/\/park-palic.rs\/wp-content\/uploads\/2025\/08\/Kongresni-turizam.jpg\",\"contentUrl\":\"https:\/\/park-palic.rs\/wp-content\/uploads\/2025\/08\/Kongresni-turizam.jpg\",\"width\":2560,\"height\":787,\"caption\":\"default\"},{\"@type\":\"BreadcrumbList\",\"@id\":\"https:\/\/park-palic.rs\/hu\/kongresszusi-turizmus\/#breadcrumb\",\"itemListElement\":[{\"@type\":\"ListItem\",\"position\":1,\"name\":\"Po\u010detna\",\"item\":\"https:\/\/park-palic.rs\/hu\/park-palic-zvanicna-prezentacija\/\"},{\"@type\":\"ListItem\",\"position\":2,\"name\":\"Kongresszusi turizmus\"}]},{\"@type\":\"WebSite\",\"@id\":\"https:\/\/park-palic.rs\/#website\",\"url\":\"https:\/\/park-palic.rs\/\",\"name\":\"Park Pali\u0107\",\"description\":\"\",\"potentialAction\":[{\"@type\":\"SearchAction\",\"target\":{\"@type\":\"EntryPoint\",\"urlTemplate\":\"https:\/\/park-palic.rs\/?s={search_term_string}\"},\"query-input\":{\"@type\":\"PropertyValueSpecification\",\"valueRequired\":true,\"valueName\":\"search_term_string\"}}],\"inLanguage\":\"hu\"}]}<\/script>\n<!-- \/ Yoast SEO plugin. -->","yoast_head_json":{"title":"Kongresszusi turizmus - Park Pali\u0107","robots":{"index":"index","follow":"follow","max-snippet":"max-snippet:-1","max-image-preview":"max-image-preview:large","max-video-preview":"max-video-preview:-1"},"canonical":"https:\/\/park-palic.rs\/hu\/kongresszusi-turizmus\/","og_locale":"hu_HU","og_type":"article","og_title":"Kongresszusi turizmus - Park Pali\u0107","og_description":"A kongresszusi- \u00e9s konferenciaturizmus a turizmus egyik v\u00e1lfaja, amelyben a f\u0151 hangs\u00faly nem a pihen\u00e9sen van, hanem a szakmai \u00f6sszej\u00f6veteleken, szimp\u00f3ziumokon vagy m\u00e1s, szervezett \u00fczleti tal\u00e1lkoz\u00f3kon. A palicsi Vigad\u00f3 rendezv\u00e9nyk\u00f6zpont helysz\u00ednt biztos\u00edt k\u00fcl\u00f6nf\u00e9le \u00fczleti \u00e9s egy\u00e9b rendezv\u00e9nyek lebonyol\u00edt\u00e1s\u00e1ra az \u00fcgyfelek ig\u00e9nyei szerint. A Kongresszusi k\u00f6zpont keret\u00e9n bel\u00fcl h\u00e1rom \u00e9p\u00fclet tal\u00e1lhat\u00f3: a Vigad\u00f3, az \u00d6kok\u00f6zpont \u00e9s [&hellip;]","og_url":"https:\/\/park-palic.rs\/hu\/kongresszusi-turizmus\/","og_site_name":"Park Pali\u0107","article_publisher":"https:\/\/www.facebook.com\/ParkPalic\/","article_modified_time":"2025-11-27T11:11:44+00:00","og_image":[{"width":2560,"height":787,"url":"https:\/\/park-palic.rs\/wp-content\/uploads\/2025\/08\/Kongresni-turizam.jpg","type":"image\/jpeg"}],"twitter_card":"summary_large_image","twitter_misc":{"Becs\u00fclt olvas\u00e1si id\u0151":"1 perc"},"schema":{"@context":"https:\/\/schema.org","@graph":[{"@type":"WebPage","@id":"https:\/\/park-palic.rs\/hu\/kongresszusi-turizmus\/","url":"https:\/\/park-palic.rs\/hu\/kongresszusi-turizmus\/","name":"Kongresszusi turizmus - Park Pali\u0107","isPartOf":{"@id":"https:\/\/park-palic.rs\/#website"},"primaryImageOfPage":{"@id":"https:\/\/park-palic.rs\/hu\/kongresszusi-turizmus\/#primaryimage"},"image":{"@id":"https:\/\/park-palic.rs\/hu\/kongresszusi-turizmus\/#primaryimage"},"thumbnailUrl":"https:\/\/park-palic.rs\/wp-content\/uploads\/2025\/08\/Kongresni-turizam.jpg","datePublished":"2025-06-23T07:24:45+00:00","dateModified":"2025-11-27T11:11:44+00:00","breadcrumb":{"@id":"https:\/\/park-palic.rs\/hu\/kongresszusi-turizmus\/#breadcrumb"},"inLanguage":"hu","potentialAction":[{"@type":"ReadAction","target":["https:\/\/park-palic.rs\/hu\/kongresszusi-turizmus\/"]}]},{"@type":"ImageObject","inLanguage":"hu","@id":"https:\/\/park-palic.rs\/hu\/kongresszusi-turizmus\/#primaryimage","url":"https:\/\/park-palic.rs\/wp-content\/uploads\/2025\/08\/Kongresni-turizam.jpg","contentUrl":"https:\/\/park-palic.rs\/wp-content\/uploads\/2025\/08\/Kongresni-turizam.jpg","width":2560,"height":787,"caption":"default"},{"@type":"BreadcrumbList","@id":"https:\/\/park-palic.rs\/hu\/kongresszusi-turizmus\/#breadcrumb","itemListElement":[{"@type":"ListItem","position":1,"name":"Po\u010detna","item":"https:\/\/park-palic.rs\/hu\/park-palic-zvanicna-prezentacija\/"},{"@type":"ListItem","position":2,"name":"Kongresszusi turizmus"}]},{"@type":"WebSite","@id":"https:\/\/park-palic.rs\/#website","url":"https:\/\/park-palic.rs\/","name":"Park Pali\u0107","description":"","potentialAction":[{"@type":"SearchAction","target":{"@type":"EntryPoint","urlTemplate":"https:\/\/park-palic.rs\/?s={search_term_string}"},"query-input":{"@type":"PropertyValueSpecification","valueRequired":true,"valueName":"search_term_string"}}],"inLanguage":"hu"}]}},"_links":{"self":[{"href":"https:\/\/park-palic.rs\/hu\/wp-json\/wp\/v2\/pages\/10097","targetHints":{"allow":["GET"]}}],"collection":[{"href":"https:\/\/park-palic.rs\/hu\/wp-json\/wp\/v2\/pages"}],"about":[{"href":"https:\/\/park-palic.rs\/hu\/wp-json\/wp\/v2\/types\/page"}],"author":[{"embeddable":true,"href":"https:\/\/park-palic.rs\/hu\/wp-json\/wp\/v2\/users\/1"}],"replies":[{"embeddable":true,"href":"https:\/\/park-palic.rs\/hu\/wp-json\/wp\/v2\/comments?post=10097"}],"version-history":[{"count":4,"href":"https:\/\/park-palic.rs\/hu\/wp-json\/wp\/v2\/pages\/10097\/revisions"}],"predecessor-version":[{"id":12676,"href":"https:\/\/park-palic.rs\/hu\/wp-json\/wp\/v2\/pages\/10097\/revisions\/12676"}],"wp:featuredmedia":[{"embeddable":true,"href":"https:\/\/park-palic.rs\/hu\/wp-json\/wp\/v2\/media\/8770"}],"wp:attachment":[{"href":"https:\/\/park-palic.rs\/hu\/wp-json\/wp\/v2\/media?parent=10097"}],"curies":[{"name":"wp","href":"https:\/\/api.w.org\/{rel}","templated":true}]}}

<p>A kongresszusi- és konferenciaturizmus a turizmus egyik válfaja, amelyben a fő hangsúly nem a pihenésen van, hanem a szakmai összejöveteleken, szimpóziumokon vagy más, szervezett üzleti találkozókon. A palicsi Vigadó rendezvényközpont helyszínt biztosít különféle üzleti és egyéb rendezvények lebonyolítására az ügyfelek igényei szerint. <br/>A Kongresszusi központ keretén belül három épület található: a Vigadó, az Ökoközpont és a Nyári színpad.  </p>

<p>A kongresszusi- és konferenciaturizmus a turizmus egyik válfaja, amelyben a fő hangsúly nem a pihenésen van, hanem a szakmai összejöveteleken, szimpóziumokon vagy más, szervezett üzleti találkozókon. A palicsi Vigadó rendezvényközpont helyszínt biztosít különféle üzleti és egyéb rendezvények lebonyolítására az ügyfelek igényei szerint. A Kongresszusi központ keretén belül három épület található: a Vigadó, az Ökoközpont és [&hellip;]</p>

<!-- This site is optimized with the Yoast SEO plugin v27.1.1 - https://yoast.com/product/yoast-seo-wordpress/ -->
<title>Kongresszusi turizmus - Park Palić</title>
<meta name="robots" content="index, follow, max-snippet:-1, max-image-preview:large, max-video-preview:-1" />
<link rel="canonical" href="https://park-palic.rs/hu/kongresszusi-turizmus/" />
<meta property="og:locale" content="hu_HU" />
<meta property="og:type" content="article" />
<meta property="og:title" content="Kongresszusi turizmus - Park Palić" />
<meta property="og:description" content="A kongresszusi- és konferenciaturizmus a turizmus egyik válfaja, amelyben a fő hangsúly nem a pihenésen van, hanem a szakmai összejöveteleken, szimpóziumokon vagy más, szervezett üzleti találkozókon. A palicsi Vigadó rendezvényközpont helyszínt biztosít különféle üzleti és egyéb rendezvények lebonyolítására az ügyfelek igényei szerint. A Kongresszusi központ keretén belül három épület található: a Vigadó, az Ökoközpont és [&hellip;]" />
<meta property="og:url" content="https://park-palic.rs/hu/kongresszusi-turizmus/" />
<meta property="og:site_name" content="Park Palić" />
<meta property="article:publisher" content="https://www.facebook.com/ParkPalic/" />
<meta property="article:modified_time" content="2025-11-27T11:11:44+00:00" />
<meta property="og:image" content="https://park-palic.rs/wp-content/uploads/2025/08/Kongresni-turizam.jpg" />
	<meta property="og:image:width" content="2560" />
	<meta property="og:image:height" content="787" />
	<meta property="og:image:type" content="image/jpeg" />
<meta name="twitter:card" content="summary_large_image" />
<meta name="twitter:label1" content="Becsült olvasási idő" />
	<meta name="twitter:data1" content="1 perc" />
<script type="application/ld+json" class="yoast-schema-graph">{"@context":"https://schema.org","@graph":[{"@type":"WebPage","@id":"https://park-palic.rs/hu/kongresszusi-turizmus/","url":"https://park-palic.rs/hu/kongresszusi-turizmus/","name":"Kongresszusi turizmus - Park Palić","isPartOf":{"@id":"https://park-palic.rs/#website"},"primaryImageOfPage":{"@id":"https://park-palic.rs/hu/kongresszusi-turizmus/#primaryimage"},"image":{"@id":"https://park-palic.rs/hu/kongresszusi-turizmus/#primaryimage"},"thumbnailUrl":"https://park-palic.rs/wp-content/uploads/2025/08/Kongresni-turizam.jpg","datePublished":"2025-06-23T07:24:45+00:00","dateModified":"2025-11-27T11:11:44+00:00","breadcrumb":{"@id":"https://park-palic.rs/hu/kongresszusi-turizmus/#breadcrumb"},"inLanguage":"hu","potentialAction":[{"@type":"ReadAction","target":["https://park-palic.rs/hu/kongresszusi-turizmus/"]}]},{"@type":"ImageObject","inLanguage":"hu","@id":"https://park-palic.rs/hu/kongresszusi-turizmus/#primaryimage","url":"https://park-palic.rs/wp-content/uploads/2025/08/Kongresni-turizam.jpg","contentUrl":"https://park-palic.rs/wp-content/uploads/2025/08/Kongresni-turizam.jpg","width":2560,"height":787,"caption":"default"},{"@type":"BreadcrumbList","@id":"https://park-palic.rs/hu/kongresszusi-turizmus/#breadcrumb","itemListElement":[{"@type":"ListItem","position":1,"name":"Početna","item":"https://park-palic.rs/hu/park-palic-zvanicna-prezentacija/"},{"@type":"ListItem","position":2,"name":"Kongresszusi turizmus"}]},{"@type":"WebSite","@id":"https://park-palic.rs/#website","url":"https://park-palic.rs/","name":"Park Palić","description":"","potentialAction":[{"@type":"SearchAction","target":{"@type":"EntryPoint","urlTemplate":"https://park-palic.rs/?s={search_term_string}"},"query-input":{"@type":"PropertyValueSpecification","valueRequired":true,"valueName":"search_term_string"}}],"inLanguage":"hu"}]}</script>
<!-- / Yoast SEO plugin. -->

Kongresszusi turizmus - Park Palić

A kongresszusi- és konferenciaturizmus a turizmus egyik válfaja, amelyben a fő hangsúly nem a pihenésen van, hanem a szakmai összejöveteleken, szimpóziumokon vagy más, szervezett üzleti találkozókon. A palicsi Vigadó rendezvényközpont helyszínt biztosít különféle üzleti és egyéb rendezvények lebonyolítására az ügyfelek igényei szerint. A Kongresszusi központ keretén belül három épület található: a Vigadó, az Ökoközpont és [&hellip;]

Park Palić

Početna
