{"version":"1.0","provider_name":"Park Pali\u0107","provider_url":"https:\/\/park-palic.rs\/hu\/","author_name":"master","author_url":"https:\/\/park-palic.rs\/hu\/author\/master\/","title":"Massimo Savic koncertje - Park Pali\u0107","type":"rich","width":600,"height":338,"html":"<blockquote class=\"wp-embedded-content\" data-secret=\"9PPUWzsaIr\"><a href=\"https:\/\/park-palic.rs\/hu\/massimo-savic-koncertje\/\">Massimo Savic koncertje<\/a><\/blockquote><iframe sandbox=\"allow-scripts\" security=\"restricted\" src=\"https:\/\/park-palic.rs\/hu\/massimo-savic-koncertje\/embed\/#?secret=9PPUWzsaIr\" width=\"600\" height=\"338\" title=\"&#8220;Massimo Savic koncertje&#8221; &#8212; Park Pali\u0107\" data-secret=\"9PPUWzsaIr\" frameborder=\"0\" marginwidth=\"0\" marginheight=\"0\" scrolling=\"no\" class=\"wp-embedded-content\"><\/iframe><script>\n\/*! This file is auto-generated *\/\n!function(d,l){\"use strict\";l.querySelector&&d.addEventListener&&\"undefined\"!=typeof URL&&(d.wp=d.wp||{},d.wp.receiveEmbedMessage||(d.wp.receiveEmbedMessage=function(e){var t=e.data;if((t||t.secret||t.message||t.value)&&!\/[^a-zA-Z0-9]\/.test(t.secret)){for(var s,r,n,a=l.querySelectorAll('iframe[data-secret=\"'+t.secret+'\"]'),o=l.querySelectorAll('blockquote[data-secret=\"'+t.secret+'\"]'),c=new RegExp(\"^https?:$\",\"i\"),i=0;i<o.length;i++)o[i].style.display=\"none\";for(i=0;i<a.length;i++)s=a[i],e.source===s.contentWindow&&(s.removeAttribute(\"style\"),\"height\"===t.message?(1e3<(r=parseInt(t.value,10))?r=1e3:~~r<200&&(r=200),s.height=r):\"link\"===t.message&&(r=new URL(s.getAttribute(\"src\")),n=new URL(t.value),c.test(n.protocol))&&n.host===r.host&&l.activeElement===s&&(d.top.location.href=t.value))}},d.addEventListener(\"message\",d.wp.receiveEmbedMessage,!1),l.addEventListener(\"DOMContentLoaded\",function(){for(var e,t,s=l.querySelectorAll(\"iframe.wp-embedded-content\"),r=0;r<s.length;r++)(t=(e=s[r]).getAttribute(\"data-secret\"))||(t=Math.random().toString(36).substring(2,12),e.src+=\"#?secret=\"+t,e.setAttribute(\"data-secret\",t)),e.contentWindow.postMessage({message:\"ready\",secret:t},\"*\")},!1)))}(window,document);\n\/\/# sourceURL=https:\/\/park-palic.rs\/wp-includes\/js\/wp-embed.min.js\n<\/script>\n","thumbnail_url":"https:\/\/park-palic.rs\/wp-content\/uploads\/2019\/08\/582_1-2.jpg","thumbnail_width":1200,"thumbnail_height":983,"description":"Az id\u0151nk\u00e9nt v\u00e1ratlanul megjelen\u0151 es\u0151, amely jelent\u0151sen befoly\u00e1solta a szervez\u00e9st, sem tudta megakad\u00e1lyozni a tervezett l\u00e1tv\u00e1nyos esem\u00e9ny megtart\u00e1s\u00e1t a Ny\u00e1ri Sz\u00ednpadon augusztus 24-\u00e9n, szombaton. MA r\u00e9g\u00f3ta v\u00e1rt Massimo Savi\u0107-koncert teljes m\u00e9rt\u00e9kben bev\u00e1ltotta a jelenl\u00e9v\u0151k o\u017eid\u00e1sait. Az elragadtatott k\u00f6z\u00f6ns\u00e9g \u00e9rzelmekkel telve t\u00e9rt haza. Karrierje kezdet\u00e9t felid\u00e9zve, annak alakul\u00e1s\u00e1t v\u00e9gigk\u00f6vetve eg\u00e9szen a leg\u00fajabb dalokig, Massimo egyfajta szem\u00e9lyes [&hellip;]"}

Park Palić

Massimo Savic koncertje - Park Palić

<blockquote class="wp-embedded-content" data-secret="9PPUWzsaIr"><a href="https://park-palic.rs/hu/massimo-savic-koncertje/">Massimo Savic koncertje</a></blockquote><iframe sandbox="allow-scripts" security="restricted" src="https://park-palic.rs/hu/massimo-savic-koncertje/embed/#?secret=9PPUWzsaIr" width="600" height="338" title="&#8220;Massimo Savic koncertje&#8221; &#8212; Park Palić" data-secret="9PPUWzsaIr" frameborder="0" marginwidth="0" marginheight="0" scrolling="no" class="wp-embedded-content"></iframe><script>
/*! This file is auto-generated */
!function(d,l){"use strict";l.querySelector&&d.addEventListener&&"undefined"!=typeof URL&&(d.wp=d.wp||{},d.wp.receiveEmbedMessage||(d.wp.receiveEmbedMessage=function(e){var t=e.data;if((t||t.secret||t.message||t.value)&&!/[^a-zA-Z0-9]/.test(t.secret)){for(var s,r,n,a=l.querySelectorAll('iframe[data-secret="'+t.secret+'"]'),o=l.querySelectorAll('blockquote[data-secret="'+t.secret+'"]'),c=new RegExp("^https?:$","i"),i=0;i<o.length;i++)o[i].style.display="none";for(i=0;i<a.length;i++)s=a[i],e.source===s.contentWindow&&(s.removeAttribute("style"),"height"===t.message?(1e3<(r=parseInt(t.value,10))?r=1e3:~~r<200&&(r=200),s.height=r):"link"===t.message&&(r=new URL(s.getAttribute("src")),n=new URL(t.value),c.test(n.protocol))&&n.host===r.host&&l.activeElement===s&&(d.top.location.href=t.value))}},d.addEventListener("message",d.wp.receiveEmbedMessage,!1),l.addEventListener("DOMContentLoaded",function(){for(var e,t,s=l.querySelectorAll("iframe.wp-embedded-content"),r=0;r<s.length;r++)(t=(e=s[r]).getAttribute("data-secret"))||(t=Math.random().toString(36).substring(2,12),e.src+="#?secret="+t,e.setAttribute("data-secret",t)),e.contentWindow.postMessage({message:"ready",secret:t},"*")},!1)))}(window,document);
//# sourceURL=https://park-palic.rs/wp-includes/js/wp-embed.min.js
</script>

Az időnként váratlanul megjelenő eső, amely jelentősen befolyásolta a szervezést, sem tudta megakadályozni a tervezett látványos esemény megtartását a Nyári Színpadon augusztus 24-én, szombaton. MA régóta várt Massimo Savić-koncert teljes mértékben beváltotta a jelenlévők ožidásait. Az elragadtatott közönség érzelmekkel telve tért haza. Karrierje kezdetét felidézve, annak alakulását végigkövetve egészen a legújabb dalokig, Massimo egyfajta személyes [&hellip;]
